{"id":10,"date":"2021-05-17T09:07:28","date_gmt":"2021-05-17T09:07:28","guid":{"rendered":"https:\/\/webredox.net\/demo\/wp\/stukram\/light\/?page_id=10"},"modified":"2023-03-18T01:23:27","modified_gmt":"2023-03-18T00:23:27","slug":"home","status":"publish","type":"page","link":"https:\/\/captivis.sn\/","title":{"rendered":"L&#8217;agence de design Captivis"},"content":{"rendered":"<section class=\"wpb-content-wrapper\">[vc_row row_type=&#8221;main-section&#8221; stukram_section_layout=&#8221;section_grid&#8221; stukram_df_padding_top=&#8221;layout-pt-xl&#8221; wr_section_layout=&#8221;section_grid&#8221; row_padding_top=&#8221;layout-pt-xl&#8221; row_padding_bottom=&#8221;no-padding-bottom&#8221;][vc_column width=&#8221;5\/12&#8243;][wr_vc_section_heading title=&#8221;Captiver votre audience&#8221; title2=&#8221;L\u2019agence&#8221; screen=&#8221;-lg&#8221;][\/wr_vc_section_heading][\/vc_column][vc_column width=&#8221;7\/12&#8243;][\/vc_column][\/vc_row][vc_row row_type=&#8221;main-section&#8221; stukram_section_layout=&#8221;section_grid&#8221; stukram_content_row_opt=&#8221;x-gap-60 y-gap-48 layout-pt-md&#8221; stukram_df_padding_bottom=&#8221;layout-pb-xl&#8221; wr_section_layout=&#8221;section_grid&#8221; content_row_opt=&#8221;x-gap-60 y-gap-48 layout-pt-md&#8221; row_padding_top=&#8221;no-padding-top&#8221; row_padding_bottom=&#8221;layout-pb-xl&#8221;][vc_column width=&#8221;1\/3&#8243;][wr_vc_section_title title=&#8221;Notre mission&#8221; title2=&#8221;Chez Captivis notre volont\u00e9 est d\u2019aider les entreprises, les individus ou les produits \u00e0 projeter une image en parfaite coh\u00e9rence avec ce qu\u2019ils sont et ainsi les rendre attrayants par le biais d\u2019identit\u00e9s pertinentes et uniques.&#8221;][\/wr_vc_section_title][\/vc_column][vc_column width=&#8221;1\/3&#8243;][wr_vc_section_title title=&#8221;Notre savoir faire&#8221; title2=&#8221;Captivis met \u00e0 votre disposition son savoir-faire depuis plus de 7 ans. Compos\u00e9e d\u2019une \u00e9quipe aux profils compl\u00e9mentaires, nous accompagnons nos clients dans la cr\u00e9ation de strat\u00e9gie et le design de marque.&#8221;][\/wr_vc_section_title][\/vc_column][vc_column width=&#8221;1\/3&#8243;][wr_vc_section_title title=&#8221;Notre vision&#8221; title2=&#8221;Notre objectif est simple. Captiver votre audience en prenant soin de votre image. L\u2019important pour nous \u00e9tant d\u2019\u00e9tablir une relation de confiance afin de proposer un service sur-mesure qui vous permettra de d\u00e9velopper votre activit\u00e9.&#8221;][\/wr_vc_section_title][\/vc_column][\/vc_row][vc_row row_type=&#8221;main-section&#8221; stukram_df_padding_top=&#8221;layout-pt-xs&#8221; stukram_df_padding_bottom=&#8221;layout-pb-md&#8221;][vc_column]<div class=\"sec-port-vc \"><div class=\"fancy-grid -col-3 -container\"><\/div><\/div><div class=\"sec-port-vc \"><div class=\"fancy-grid -col-3 -container\"><div class=\"fancy-grid__item\"><a data-cursor-icon=\"arrow-right\" data-anim-wrap class=\"portfolioCard -type-1 -hover\" data-barba href=\"https:\/\/captivis.sn\/index.php\/portfolio\/suuf\/\"><div class=\"portfolioCard__img\"><div data-anim-child=\"img-right -cover-dark-1\" class=\"portfolioCard__img__inner\"><div class=\"ratio ratio-3:4 bg-image js-lazy\" data-bg=\"https:\/\/captivis.sn\/wp-content\/uploads\/2022\/12\/appercu-suuf-.jpg\"><\/div><\/div><\/div><div class=\"portfolioCard__content pt-24\"><div data-split=\"lines\" data-anim-child=\"split-lines delay-7\"><p class=\"portfolioCard__category leading-md text-dark\"><span class=\"cat-divider\">Identit\u00e9 visuelle  <\/span><\/p><\/div><div data-split=\"lines\" data-anim-child=\"split-lines delay-8\"><h3 class=\"portfolioCard__title leading-md fw-500 text-2xl mt-8\">SUUF<\/h3><\/div><\/div><\/a><\/div><div class=\"fancy-grid__item\"><a data-cursor-icon=\"arrow-right\" data-anim-wrap class=\"portfolioCard -type-1 -hover\" data-barba href=\"https:\/\/captivis.sn\/index.php\/portfolio\/slumber-8\/\"><div class=\"portfolioCard__img\"><div data-anim-child=\"img-right -cover-dark-1\" class=\"portfolioCard__img__inner\"><div class=\"ratio ratio-3:4 bg-image js-lazy\" data-bg=\"https:\/\/captivis.sn\/wp-content\/uploads\/2022\/12\/appercu-projet-SCF-.jpg\"><\/div><\/div><\/div><div class=\"portfolioCard__content pt-24\"><div data-split=\"lines\" data-anim-child=\"split-lines delay-7\"><p class=\"portfolioCard__category leading-md text-dark\"><span class=\"cat-divider\">Print - Edition  <\/span><\/p><\/div><div data-split=\"lines\" data-anim-child=\"split-lines delay-8\"><h3 class=\"portfolioCard__title leading-md fw-500 text-2xl mt-8\">SCF<\/h3><\/div><\/div><\/a><\/div><div class=\"fancy-grid__item\"><a data-cursor-icon=\"arrow-right\" data-anim-wrap class=\"portfolioCard -type-1 -hover\" data-barba href=\"https:\/\/captivis.sn\/index.php\/portfolio\/slumber-7\/\"><div class=\"portfolioCard__img\"><div data-anim-child=\"img-right -cover-dark-1\" class=\"portfolioCard__img__inner\"><div class=\"ratio ratio-3:4 bg-image js-lazy\" data-bg=\"https:\/\/captivis.sn\/wp-content\/uploads\/2022\/12\/appercu-CONAME.jpg\"><\/div><\/div><\/div><div class=\"portfolioCard__content pt-24\"><div data-split=\"lines\" data-anim-child=\"split-lines delay-7\"><p class=\"portfolioCard__category leading-md text-dark\"><span class=\"cat-divider\">Print - Edition  <\/span><\/p><\/div><div data-split=\"lines\" data-anim-child=\"split-lines delay-8\"><h3 class=\"portfolioCard__title leading-md fw-500 text-2xl mt-8\">CONAME<\/h3><\/div><\/div><\/a><\/div><div class=\"fancy-grid__item\"><a data-cursor-icon=\"arrow-right\" data-anim-wrap class=\"portfolioCard -type-1 -hover\" data-barba href=\"https:\/\/captivis.sn\/index.php\/portfolio\/cabinet-ees\/\"><div class=\"portfolioCard__img\"><div data-anim-child=\"img-right -cover-dark-1\" class=\"portfolioCard__img__inner\"><div class=\"ratio ratio-3:4 bg-image js-lazy\" data-bg=\"https:\/\/captivis.sn\/wp-content\/uploads\/2022\/12\/appercu-EES-.jpg\"><\/div><\/div><\/div><div class=\"portfolioCard__content pt-24\"><div data-split=\"lines\" data-anim-child=\"split-lines delay-7\"><p class=\"portfolioCard__category leading-md text-dark\"><span class=\"cat-divider\">Digital - Web  <\/span><\/p><\/div><div data-split=\"lines\" data-anim-child=\"split-lines delay-8\"><h3 class=\"portfolioCard__title leading-md fw-500 text-2xl mt-8\">Cabinet EES<\/h3><\/div><\/div><\/a><\/div><div class=\"fancy-grid__item\"><a data-cursor-icon=\"arrow-right\" data-anim-wrap class=\"portfolioCard -type-1 -hover\" data-barba href=\"https:\/\/captivis.sn\/index.php\/portfolio\/slumber-4\/\"><div class=\"portfolioCard__img\"><div data-anim-child=\"img-right -cover-dark-1\" class=\"portfolioCard__img__inner\"><div class=\"ratio ratio-3:4 bg-image js-lazy\" data-bg=\"https:\/\/captivis.sn\/wp-content\/uploads\/2022\/12\/appercu-protejem-.jpg\"><\/div><\/div><\/div><div class=\"portfolioCard__content pt-24\"><div data-split=\"lines\" data-anim-child=\"split-lines delay-7\"><p class=\"portfolioCard__category leading-md text-dark\"><span class=\"cat-divider\">Print - Edition  <\/span><\/p><\/div><div data-split=\"lines\" data-anim-child=\"split-lines delay-8\"><h3 class=\"portfolioCard__title leading-md fw-500 text-2xl mt-8\">PROTEJEM<\/h3><\/div><\/div><\/a><\/div><div class=\"fancy-grid__item\"><a data-cursor-icon=\"arrow-right\" data-anim-wrap class=\"portfolioCard -type-1 -hover\" data-barba href=\"https:\/\/captivis.sn\/index.php\/portfolio\/ekama\/\"><div class=\"portfolioCard__img\"><div data-anim-child=\"img-right -cover-dark-1\" class=\"portfolioCard__img__inner\"><div class=\"ratio ratio-3:4 bg-image js-lazy\" data-bg=\"https:\/\/captivis.sn\/wp-content\/uploads\/2021\/05\/appercu-ekama-.jpg\"><\/div><\/div><\/div><div class=\"portfolioCard__content pt-24\"><div data-split=\"lines\" data-anim-child=\"split-lines delay-7\"><p class=\"portfolioCard__category leading-md text-dark\"><span class=\"cat-divider\">Identit\u00e9 visuelle  <\/span><\/p><\/div><div data-split=\"lines\" data-anim-child=\"split-lines delay-8\"><h3 class=\"portfolioCard__title leading-md fw-500 text-2xl mt-8\">EKAMA<\/h3><\/div><\/div><\/a><\/div><\/div><\/div>[\/vc_column][\/vc_row][vc_row row_type=&#8221;main-section&#8221; stukram_section_layout=&#8221;section_grid&#8221; stukram_df_padding_top=&#8221;layout-pt-md&#8221; row_padding_top=&#8221;layout-pt-md&#8221; row_padding_bottom=&#8221;no-padding-bottom&#8221;][vc_column width=&#8221;7\/12&#8243;][wr_vc_section_heading title=&#8221;Une large gamme de service&#8221; title2=&#8221;Nos Services&#8221; screen=&#8221;-lg&#8221;][\/wr_vc_section_heading][\/vc_column][vc_column width=&#8221;5\/12&#8243;][\/vc_column][\/vc_row][vc_row row_type=&#8221;main-section&#8221; stukram_section_layout=&#8221;section_grid&#8221; stukram_content_row_opt=&#8221;x-gap-60 y-gap-48 layout-pt-md&#8221; stukram_df_padding_bottom=&#8221;layout-pb-md&#8221; stukram_anim_wrap=&#8221;data-anim-wrap&#8221; content_row_opt=&#8221;x-gap-60 y-gap-48 layout-pt-md&#8221; row_padding_top=&#8221;no-padding-top&#8221; row_padding_bottom=&#8221;layout-pb-md&#8221;][vc_column width=&#8221;1\/3&#8243;][wr_vc_services icon_class=&#8221;eye&#8221; title=&#8221;Identit\u00e9 visuelle&#8221; title2=&#8221;Donnez une identit\u00e9 unique \u00e0 vos projets, une esth\u00e9tique originale et des couleurs qui vous ressemble.&#8221; scheme_cover=&#8221;cover-dark-2&#8243;][wr_vc_service title=&#8221;Cr\u00e9ation de logo&#8221; margin=&#8221;0px 0px 0px 0px&#8221;][wr_vc_service title=&#8221;Direction artistique&#8221;][wr_vc_service title=&#8221;Charte graphique&#8221;][wr_vc_service title=&#8221;Packaging&#8221;][\/wr_vc_services][\/vc_column][vc_column width=&#8221;1\/3&#8243;][wr_vc_services icon_class=&#8221;printer&#8221; title=&#8221;Print &#8211; Edition&#8221; title2=&#8221;De la conception \u00e0 l\u2019impression de vos supports, nous prenons en charge la gestion de votre projet.&#8221; scheme_cover=&#8221;cover-dark-2&#8243;][wr_vc_service title=&#8221;Plaquettes&#8221; margin=&#8221;0px 0px 0px 0px&#8221;][wr_vc_service title=&#8221;Rapport&#8221;][wr_vc_service title=&#8221;Brochure&#8221;][wr_vc_service title=&#8221;Flyers&#8221;][\/wr_vc_services][\/vc_column][vc_column width=&#8221;1\/3&#8243;][wr_vc_services icon_class=&#8221;globe&#8221; title=&#8221;Digital &#8211; Web&#8221; title2=&#8221;Nous vous aidons dans la cr\u00e9ation de l\u2019ergonomie de vos sites et applications afin de faciliter aux utilisateurs le parcours client.&#8221; scheme_cover=&#8221;cover-dark-2&#8243;][wr_vc_service title=&#8221;Application mobile&#8221; margin=&#8221;0px 0px 0px 0px&#8221;][wr_vc_service title=&#8221;Site web&#8221;][wr_vc_service title=&#8221;G\u00e9nie logiciel&#8221;][wr_vc_service title=&#8221;Accompagnement digital (r\u00e9seaux sociaux)&#8221;][\/wr_vc_services][\/vc_column][\/vc_row][vc_row row_type=&#8221;main-section&#8221; stukram_section_layout=&#8221;section_grid&#8221; stukram_section_layout_grid=&#8221;section_layout_grid2&#8243; stukram_content_row_opt=&#8221;no-gutters&#8221; stukram_content_position_opt=&#8221;align-items-center&#8221; stukram_df_padding_top=&#8221;layout-pt-md&#8221; stukram_df_padding_bottom=&#8221;layout-pb-md&#8221; stukram_anim_wrap=&#8221;data-anim-wrap&#8221;][vc_column offset=&#8221;vc_col-lg-6 vc_col-md-12 vc_col-xs-12&#8243;][wr_vc_section_image featyretype=&#8221;st2&#8243; animate=&#8221;yes&#8221; image=&#8221;610&#8243; df_parallax=&#8221;0.7&#8243; animate_delay=&#8221;delay-1&#8243; df_position=&#8221;img-right&#8221; cover_scheme=&#8221;cover-white&#8221; ratio=&#8221;1:1&#8243;][\/vc_column][vc_column offset=&#8221;vc_col-lg-4 vc_col-md-12 vc_col-xs-12&#8243;][wr_vc_section_heading title=&#8221;Notre approche&#8221; title2=&#8221;Cr\u00e9er un impact&#8221; title3=&#8221;La qualit\u00e9, le minimalisme, la coh\u00e9rence et une approche avant-gardiste sont les valeurs qui nous animent lorsque nous \u00e9laborons des projets.&#8221; button_name=&#8221;En savoir plus&#8221; link_url=&#8221;https:\/\/captivis.sn\/index.php\/about\/&#8221; screen=&#8221;-md&#8221; df_class=&#8221;ml-80 md:ml-0 md:mt-48&#8243; animate_delay_title4=&#8221;delay-11&#8243;][\/wr_vc_section_heading][\/vc_column][vc_column width=&#8221;2\/12&#8243;][\/vc_column][\/vc_row][vc_row row_type=&#8221;main-section&#8221; stukram_section_layout=&#8221;section_grid&#8221; stukram_content_position_opt=&#8221;align-items-end justify-content-between&#8221; stukram_df_padding_top=&#8221;layout-pt-md&#8221;][vc_column width=&#8221;7\/12&#8243;][wr_vc_section_heading title=&#8221;Des r\u00e9f\u00e9rences fortes&#8221; title2=&#8221;Nos Clients&#8221; screen=&#8221;-md&#8221;][\/wr_vc_section_heading][\/vc_column][vc_column width=&#8221;5\/12&#8243;][wr_vc_section_button button_name=&#8221;devenir un client&#8221; link_url=&#8221;https:\/\/captivis.sn\/index.php\/contact\/&#8221; button_style=&#8221;-black text-white&#8221; size=&#8221;-md&#8221; df_margin=&#8221;sm:mt-24&#8243; float=&#8221;right&#8221;][\/vc_column][\/vc_row][vc_row row_type=&#8221;main-section&#8221; stukram_section_layout=&#8221;section_grid&#8221; stukram_content_row_opt=&#8221;y-gap-32 layout-pt-md&#8221; stukram_df_padding_bottom=&#8221;layout-pb-lg&#8221;][vc_column][vc_row_inner][vc_column_inner width=&#8221;1\/4&#8243;][wr_vc_section_partner image=&#8221;666&#8243;][\/vc_column_inner][vc_column_inner width=&#8221;1\/4&#8243;][wr_vc_section_partner image=&#8221;668&#8243;][\/vc_column_inner][vc_column_inner width=&#8221;1\/4&#8243;][wr_vc_section_partner image=&#8221;669&#8243;][\/vc_column_inner][vc_column_inner width=&#8221;1\/4&#8243;][wr_vc_section_partner image=&#8221;670&#8243;][\/vc_column_inner][\/vc_row_inner][vc_row_inner][vc_column_inner width=&#8221;1\/4&#8243;][wr_vc_section_partner image=&#8221;578&#8243;][\/vc_column_inner][vc_column_inner width=&#8221;1\/4&#8243;][wr_vc_section_partner image=&#8221;671&#8243;][\/vc_column_inner][vc_column_inner width=&#8221;1\/4&#8243;][wr_vc_section_partner image=&#8221;672&#8243;][\/vc_column_inner][vc_column_inner width=&#8221;1\/4&#8243;][wr_vc_section_partner image=&#8221;673&#8243;][\/vc_column_inner][\/vc_row_inner][\/vc_column][\/vc_row][vc_row row_type=&#8221;main-section&#8221; stukram_section_layout=&#8221;section_grid&#8221; stukram_section_row_grid=&#8221;no&#8221; stukram_df_padding_top=&#8221;layout-pt-xl&#8221; stukram_df_padding_bottom=&#8221;layout-pb-lg&#8221; stukram_background_img=&#8221;611&#8243; stukram_background_parallaxx=&#8221;st1&#8243;][vc_column][wr_vc_section_testimonials][wr_vc_section_testimonial col_size=&#8221;col-lg-9&#8243; title=&#8221;Aissatou Sy&#8221; title2=&#8221;Responsable de l\u2019Information publique &#8211; Organisation internationale pour les migrations (OIM)&#8221; title3=&#8221;L\u2019Organisation internationale pour les migrations (OIM) t\u00e9moigne sa satisfaction \u00e0 CAPTIVIS pour les diff\u00e9rents services de graphisme fournis. Nous ne pouvons qu\u2019exprimer notre appr\u00e9ciation pour la qualit\u00e9 exceptionnelle de leur travail et leur pragmatisme.&#8221;][wr_vc_section_testimonial col_size=&#8221;col-lg-9&#8243; title=&#8221;Fatou Madeleine NGOM&#8221; title2=&#8221;Directrice G\u00e9n\u00e9rale QUEST Services Cabinet QHSE&#8221; title3=&#8221;Notre exp\u00e9rience avec CAPTIVIS a \u00e9t\u00e9 tr\u00e8s positive. Je suis ravie de compter CAPTIVIS parmi les fournisseurs qui r\u00e9pondent pleinement \u00e0 nos attentes et que nous sommes toujours fiers de recommander.&#8221;][wr_vc_section_testimonial col_size=&#8221;col-lg-9&#8243; title=&#8221;Ndeye Anta N. Ba&#8221; title2=&#8221;Communication Officer &#8211; Save the Children International&#8221; title3=&#8221;Nous appr\u00e9cions travailler avec Captivis pour leur professionnalisme, malgr\u00e9 les contraintes de temps parfois difficiles, ils parvient \u00e0 nous livrer nos commandes \u00e0 temps tout en tenant compte de tous nos inputs.&#8221;][wr_vc_section_testimonial col_size=&#8221;col-lg-9&#8243; title=&#8221;Aminata DIOP&#8221; title2=&#8221;Communication and Business Development Officer &#8211; EES&#8221; title3=&#8221;Notre soci\u00e9t\u00e9 EES a fait appel aux services de Captivis pour la cr\u00e9ation de notre site officiel. Ils ont \u00e9t\u00e9 tr\u00e8s professionnels, leur service client est excellent et nous les recommandons fortement !&#8221;][\/wr_vc_section_testimonials][\/vc_column][\/vc_row][vc_row row_type=&#8221;main-section&#8221; stukram_section_layout=&#8221;section_grid&#8221; stukram_content_position_opt=&#8221;justify-content-center text-center&#8221; stukram_df_padding_top=&#8221;layout-pt-lg&#8221; stukram_df_padding_bottom=&#8221;layout-pb-lg&#8221; stukram_background_index=&#8221;Z-5&#8243;][vc_column][wr_vc_section_heading featyretype=&#8221;st4&#8243; title=&#8221;Vous avez un projet que vous souhaitez d\u00e9velopper ?&#8221; title2=&#8221;Nous contacter&#8221; title3=&#8221;Petit ou grand projet, nous sommes \u00e0 votre disposition !&#8221; button_name=&#8221;Ecrivez-nous&#8221; link_url=&#8221;https:\/\/captivis.sn\/index.php\/contact\/&#8221; scheme=&#8221;-black&#8221; scheme2=&#8221;-black&#8221; screen=&#8221;-md&#8221;][\/wr_vc_section_heading][\/vc_column][\/vc_row]\n<\/section>","protected":false},"excerpt":{"rendered":"<p>[vc_row row_type=&#8221;main-section&#8221; stukram_section_layout=&#8221;section_grid&#8221; stukram_df_padding_top=&#8221;layout-pt-xl&#8221; wr_section_layout=&#8221;section_grid&#8221; row_padding_top=&#8221;layout-pt-xl&#8221; row_padding_bottom=&#8221;no-padding-bottom&#8221;][vc_column width=&#8221;5\/12&#8243;][wr_vc_section_heading title=&#8221;Captiver votre audience&#8221; title2=&#8221;L\u2019agence&#8221; screen=&#8221;-lg&#8221;][\/wr_vc_section_heading][\/vc_column][vc_column width=&#8221;7\/12&#8243;][\/vc_column][\/vc_row][vc_row row_type=&#8221;main-section&#8221; stukram_section_layout=&#8221;section_grid&#8221; stukram_content_row_opt=&#8221;x-gap-60 y-gap-48 layout-pt-md&#8221; stukram_df_padding_bottom=&#8221;layout-pb-xl&#8221; wr_section_layout=&#8221;section_grid&#8221; content_row_opt=&#8221;x-gap-60&#8230;<\/p>\n","protected":false},"author":1,"featured_media":0,"parent":0,"menu_order":0,"comment_status":"closed","ping_status":"closed","template":"","meta":{"footnotes":""},"class_list":["post-10","page","type-page","status-publish","hentry"],"aioseo_notices":[],"_links":{"self":[{"href":"https:\/\/captivis.sn\/index.php\/wp-json\/wp\/v2\/pages\/10","targetHints":{"allow":["GET"]}}],"collection":[{"href":"https:\/\/captivis.sn\/index.php\/wp-json\/wp\/v2\/pages"}],"about":[{"href":"https:\/\/captivis.sn\/index.php\/wp-json\/wp\/v2\/types\/page"}],"author":[{"embeddable":true,"href":"https:\/\/captivis.sn\/index.php\/wp-json\/wp\/v2\/users\/1"}],"replies":[{"embeddable":true,"href":"https:\/\/captivis.sn\/index.php\/wp-json\/wp\/v2\/comments?post=10"}],"version-history":[{"count":66,"href":"https:\/\/captivis.sn\/index.php\/wp-json\/wp\/v2\/pages\/10\/revisions"}],"predecessor-version":[{"id":789,"href":"https:\/\/captivis.sn\/index.php\/wp-json\/wp\/v2\/pages\/10\/revisions\/789"}],"wp:attachment":[{"href":"https:\/\/captivis.sn\/index.php\/wp-json\/wp\/v2\/media?parent=10"}],"curies":[{"name":"wp","href":"https:\/\/api.w.org\/{rel}","templated":true}]}}